2. What is l(-4)?
40
Let t(l) = 83*l + 753. Give t(-9).
6
Let u(p) = -p**3 + 5*p**2 + 7*p - 3. Calculate u(5).
32
Let y(c) = 9*c + 8. Determine y(6).
62
Let j(m) = m**3 + 45*m**2 + 43*m - 45. What is j(-44)?
-1
Let i(a) = -a**3 - 4*a**2 + 6*a - 5. Calculate i(-5).
-10
Let g(s) = 10*s + 9. What is g(-2)?
-11
Let g(d) = -d**2 + 10*d - 28. Calculate g(7).
-7
Let x(h) = 2*h + 1. Determine x(-2).
-3
Let x(a) = -a**3 - 13*a**2 + 15*a + 16. Give x(-14).
2
Let n(s) = s**3 - 10*s**2 - 8*s - 5. Determine n(11).
28
Let n(x) = -319*x - 636. Determine n(-2).
2
Let y(f) = -2*f**2 + 36*f - 171. Give y(9).
-9
Let l(n) = -n**2 - 3*n + 208. Calculate l(13).
0
Let x(d) = -12*d - 4. Calculate x(-16).
188
Let l(h) = 10*h - 154. Determine l(14).
-14
Let j(a) = -3*a**2 - 12*a. Give j(-2).
12
Let y(k) = k**3 - 14*k**2 + 15*k - 27. Calculate y(13).
-1
Let o(q) = -q**2 - 11*q - 9. Determine o(-7).
19
Let u(r) = -r**2 - 36*r - 138. Give u(-4).
-10
Let n(s) = -s**3 - 5*s**2 - s - 9. Calculate n(-5).
-4
Let f(o) = -o**3 + 3*o**2 + o + 1. Give f(4).
-11
Let g(w) = 30*w**3 - w**2 - w + 1. What is g(-1)?
-29
Let w(c) = -5*c + 68. Determine w(15).
-7
Let x(d) = 3*d - 34. Give x(11).
-1
Let o(r) = r**2 + 2*r + 1. Calculate o(-3).
4
Let k(a) = a**2 - 10*a + 8. Calculate k(10).
8
Let v(b) = -b + 14. Determine v(-7).
21
Let w(f) = f**3 - 20*f**2 - 25*f + 100. Determine w(21).
16
Let y(i) = -6*i**2 + 258*i. What is y(43)?
0
Let m(l) = l**3 - 5*l**2 + l - 35. Determine m(6).
7
Let u(w) = w**3 + 6*w**2 + 8*w + 48. Determine u(-6).
0
Let y(k) = 2*k**2 - 35*k + 26. What is y(17)?
9
Let o(m) = -2*m**2 - 12*m - 9. Give o(-5).
1
Let o(x) = -x**3 + x**2 + 7*x + 14. Determine o(0).
14
Let r(l) = 2*l**3 - 15*l**2 + 6*l - 3. What is r(7)?
-10
Let z(d) = d**3 + 7*d**2 - 5*d - 6. Give z(-7).
29
Let g(n) = 3*n**2 - 14*n + 4. What is g(6)?
28
Let r(o) = -o**3 - o**2 - 4. Give r(0).
-4
Let l(n) = n**3 + 7*n**2 + 2*n - 7. Determine l(-7).
-21
Let r(w) = -w**2 + 7*w - 4. Give r(6).
2
Let z(n) = -n**2 - 11*n + 35. Calculate z(-14).
-7
Let n(z) = z**3 + 18*z**2 + 22*z + 16. Determine n(-17).
-69
Let n(g) = 45*g**3 + 2*g**2 + 4*g + 2. Calculate n(-1).
-45
Let y(j) = -j**3 + 7*j**2 - 5*j + 1. Determine y(4).
29
Let o(r) = -25*r + 197. Give o(8).
-3
Let r(d) = 2*d + 2. Determine r(-12).
-22
Let v(y) = -2*y - 17. Calculate v(7).
-31
Let o(s) = s**3 - 55. Determine o(0).
-55
Let a(s) = -7*s - 8. Give a(-6).
34
Let v(u) = -u**3 - 6*u**2 - 7*u + 3. What is v(-2)?
1
Let f(s) = -s**2 + 28*s + 69. What is f(30)?
9
Let g(s) = s - 16. Give g(7).
-9
Let p(k) = k**2 + 36*k + 236. Give p(-10).
-24
Let h(z) = -z**2 + 4. Give h(-3).
-5
Let b(i) = 2*i**3 - 6*i**2 + i + 12. Determine b(3).
15
Let t(o) = -2*o + 9. Calculate t(3).
3
Let j(v) = 2*v**2 + 10*v - 15. Calculate j(2).
13
Let w(i) = -11*i**2 + i. What is w(1)?
-10
Let o(c) = -c**3 + 11*c**2 - 2. What is o(11)?
-2
Let w(q) = -7*q - 10. What is w(-2)?
4
Let b(q) = q**3 + 15*q**2 + 2*q - 4. Calculate b(-15).
-34
Let m(c) = c**2 + 16*c + 65. Give m(-7).
2
Let n(k) = k**3 + 4*k**2 + k - 1. Calculate n(-6).
-79
Let i(o) = -20*o - 3. Give i(-2).
37
Let r(w) = w**2 - 28*w + 28. Give r(27).
1
Let z(s) = 113*s + 346. Determine z(-3).
7
Let a(i) = -3*i - 35. Determine a(-12).
1
Let j(l) = -l**3 - 4*l**2 - l + 6. Give j(-3).
0
Let k(w) = 2*w**3 + 13*w**2 + 8*w + 9. Calculate k(-6).
-3
Let u(b) = -b**3 + 17*b**2 + 18*b + 6. Calculate u(18).
6
Let t(s) = 8*s**2. What is t(-2)?
32
Let b(w) = -46*w - 93. Determine b(-2).
-1
Let r(j) = j**3 - 8*j**2 + 10*j. Determine r(3).
-15
Let f(a) = 5*a - 38. Give f(7).
-3
Let t(j) = 22*j**3 + 2*j**2 + j. Calculate t(-1).
-21
Let u(d) = d**2 + 4*d - 5. Determine u(2).
7
Let z(q) = q**3 + 36*q**2 - 78*q - 70. Give z(-38).
6
Let u(g) = 4*g - 2. Calculate u(3).
10
Let k(x) = -5*x**2 + 363*x + 150. Calculate k(73).
4
Let o(i) = i**3 + 5*i**2 - 5. Determine o(-2).
7
Let r(n) = -2*n + 65. What is r(0)?
65
Let o(i) = i**3 - 5*i**2 - 4*i + 3. Give o(6).
15
Let b(k) = -4*k - 4. Give b(-2).
4
Let v(m) = m**2 + 9*m + 16. Calculate v(-6).
-2
Let q(k) = k**3 - 15*k**2 + 18*k - 35. Give q(14).
21
Let x(n) = n**3 - 12*n**2 - 13*n + 17. Give x(13).
17
Let v(d) = 15*d + 23. Determine v(-4).
-37
Let x(i) = -i**3 - 10*i**2 + 7*i + 7. Give x(-11).
51
Let u(z) = 12*z + 77. Calculate u(-8).
-19
Let l(y) = -y**3 - 5*y**2 - 5*y - 2. Determine l(-4).
2
Let o(v) = v**3 + 7*v**2 + 4*v - 8. Give o(-6).
4
Let d(w) = w**2 + 6*w + 30. What is d(0)?
30
Let t(h) = -2*h**3 - 4*h**2 + 5*h + 26. Determine t(-3).
29
Let m(i) = i**3 - 3*i**2 + 6. Calculate m(3).
6
Let m(h) = -h**3 - 20*h**2 - 17*h + 25. Determine m(-19).
-13
Let g(u) = 2*u**2 - 13*u + 1. What is g(4)?
-19
Let p(f) = -14*f - 5. Give p(-1).
9
Let k(r) = r**2 + 3*r + 8. Determine k(-4).
12
Let l(y) = -y**3 + 8*y**2 + 8*y - 2. Determine l(7).
103
Let d(a) = 7*a**2 - 3. Give d(2).
25
Let j(h) = 2*h - 13. Calculate j(8).
3
Let m(b) = -8*b + 44. What is m(-7)?
100
Let u(t) = t**2 + 8*t + 20. Calculate u(-4).
4
Let m(c) = c**2 + 4*c - 3. Calculate m(-6).
9
Let d(g) = g + 32. Determine d(-27).
5
Let q(u) = u + 18. Determine q(-22).
-4
Let c(q) = -q**2 - 5*q - 3. Give c(-6).
-9
Let r(c) = -7*c - 139. Calculate r(-18).
-13
Let b(i) = -i**2 + 5*i - 8. Calculate b(5).
-8
Let h(q) = -q**2 + 3*q + 58. Calculate h(10).
-12
Let k(z) = -14*z + 3. Give k(1).
-11
Let z(d) = 2*d**3 + 1. Determine z(-1).
-1
Let v(k) = 3*k**3 - 3*k**2 + 2*k - 4. Give v(2).
12
Let j(d) = -11*d + 5. Give j(4).
-39
Let q(w) = w + 8. What is q(-2)?
6
Let a(x) = 76*x**3 - 2*x - 4. Calculate a(-1).
-78
Let z(d) = -d**3 + 13*d**2 + 16*d - 16. Calculate z(14).
12
Let j(x) = -x**3 - 2*x**2 + x. Give j(0).
0
Let b(y) = -9*y + 15. Give b(-3).
42
Let v(w) = 13*w**2 + 4*w - 3. What is v(1)?
14
Let r(s) = -13*s - 69. Give r(-5).
-4
Let a(k) = -2*k**2 + 20*k + 10. Determine a(10).
10
Let t(j) = j**2 + 12*j + 5. What is t(-11)?
-6
Let w(k) = k**3 - 2*k**2 + 2. Calculate w(-1).
-1
Let z(s) = -18*s. Calculate z(1).
-18
Let n(l) = -5*l**2 - l + 2. Give n(2).
-20
Let h(q) = q**3 + 6*q**2 + 2*q - 16. Calculate h(-4).
8
Let d(l) = l**3 + 22*l**2 - 20*l + 21. Give d(-23).
-48
Let g(m) = 2*m**2 - 31*m - 7. What is g(16)?
9
Let z(x) = x**3 - 2*x - 2. What is z(-1)?
-1
Let c(h) = h**2 - 35*h + 232. Calculate c(7).
36
Let n(w) = 31*w - 21. Determine n(1).
10
Let f(x) = 4*x + 35. What is f(-10)?
-5
Let k(i) = 2*i - 23. What is k(5)?
-13
Let y(k) = -k**2 - 3*k + 44. Determine y(10).
-86
Let g(a) = 2*a**2 - a - 27. What is g(0)?
-27
Let b(s) = -3*s**2 - 9*s + 38. Determine b(3).
-16
Let f(d) = -4*d**2 - 49*d - 141. What is f(-7)?
6
Let n(j) = j**2 - 4*j - 12. Calculate n(9).
33
Let a(j) = -j**3 + 11*j**2 + 3*j - 12. Calculate a(11).
21
Let b(y) = y - 3. Give b(19).
16
Let m(z) = -z**2 - 7*z + 144. Give m(9).
0
Let y(c) = 36*c**2 - c + 1. What is y(1)?
36
Let p(b) = -b**2 + 4*b + 2. What is p(2)?
6
Let v(y) = -y**2 - 12*y + 5. Give v(-15).
-40
Let c(v) = 3*v**2 + 9*v. Give c(-6).
54
Let a(v) = -14*v - 163. Give a(-12).
5
Let w(h) = -h - 4. Give w(6).
-10
Let a(v) = -v**2 - 14*v - 38. Determine a(-5).
7
Let z(a) = a**3 + 6*a**2 - 15*a + 1. Determine z(-8).
-7
Let o(n) = 17*n - 5. What is o(2)?
29
Let i(q) = -q**3 - 7*q**2 + 10*q + 16. Give i(-8).
0
Let n(p) = 2*p + 71. Determine n(-23).
25
Let p(b) = -5*b**3 - 6*b**2 + b - 4. Give p(-3).
74
Let x(k) = k**2 - 7. What is x(4)?
9
Let k(q) = -9*q + 9. Give k(11).
-90
Let o(w) = 5*w**2 - 21*w + 7. Determine o(4).
3
Let y(t) = 3*t**2 + 16*t + 1. Calculate y(-6).
13
Let u(k) = -14*k + 98. What is u(7)?
0
Let j(x) = -x**2 + 10*x + 41. Calculate j(13).
2
Let v(r) = r**2 + 31*r + 79. What is v(-28)?
-5
Let m(r) = 4*r**2 + r. Calculate m(-5).
95
Let d(c) = -7*c - 18. Determine d(-7).
31
Let d(x) = -x**3 - 5*x**2 + 21*x + 23. Calculate d(-8).
47
Let n(w) = -2*w**3 - w + 1. Give n(-2).
19
Let j(b) = b + 9. Give j(8).
17
Let b(g) = -g**3 - 5*g**2 + 11. What is b(-4)?
-5
Let f(m) = 2*m**2 - m - 3. Calculate f(-2).
7
Let l(x) = -2*x**3 - 9*x**2 - 9*x - 5. Give l(-4).
15
Let h(x) = 19*x - 47. Determine h(5).
48
Let w(y) = -y**3 + 4*y**2 - 1. Calculate w(4).
-1
Let b(q) = q**3 + 9*q**2 + 14*q + 18. Give b(-7).
18
Let u(j) = j**3 - 6*j**2 + 2*j + 2. Give u(4).
-22
Let g(f) = 7*f - 5. Give g(-4).
-33
Let t(h) = -h**2 - 23*h + 65. Calculate t(-24